 12?
11
Suppose -2*m + 11 = -39. Calculate the remainder when (8 - (-110)/(-15))*7/((-70)/(-1395)) is divided by m.
18
Suppose -u + j - 503 = 0, 3*u - 6*j + 2*j = -1508. Let t = -338 - u. Calculate the remainder when t is divided by 10.
6
Let q(f) = -6*f**3 + f**2 + 8*f + 24. Let m(h) = 5*h**3 - h**2 - 8*h - 23. Let d(a) = -5*m(a) - 4*q(a). What is the remainder when d(-5) is divided by 51?
27
Let t(u) = -u**2 + 2*u + 10. Let h be t(-5). Let c be (15/h)/((-3)/15). Suppose y = 6*y - c*i - 19, i - 2 = 0. What is the remainder when 34 is divided by y?
4
Calculate the remainder when (-805)/(-14)*(50090/50 + -7) is divided by 28.
25
Suppose -2*a = -2*w - 830 - 794, -3*a + 2442 = 3*w. Suppose -2022 - a = -15*y. Calculate the remainder when y is divided by 64.
61
Let t(l) = l**2 + 11*l - 270. What is the remainder when 1167 is divided by t(12)?
3
Suppose 0 = -180*b - 808 + 3925 + 483. Calculate the remainder when 1531 is divided by b.
11
Suppose 4*p = -y - p + 837, -y - p = -833. Calculate the remainder when y is divided by 28.
20
Suppose -4*d - 6*d + 213404 = 52*d. What is the remainder when d is divided by 5?
2
What is the remainder when 34*21/4641 + 49502/13 is divided by 34?
0
Suppose 50232 = 4*r - m, -5805 = -r - 5*m + 6711. Calculate the remainder when r is divided by 14.
12
Suppose -23*x + 20*x = -16*x + 286. Suppose 3*c + 2*c = -4*b + 448, -4*c - 412 = -4*b. Calculate the remainder when b is divided by x.
19
Suppose 3*d - 857 = 4*g, -9*d + 642 + 1844 = 5*g. Calculate the remainder when 4460 is divided by d.
275
Suppose -2*w - 2*t - 564 - 24 = 0, 593 = -2*w - 3*t. Let q = w - -323. Calculate the remainder when q is divided by 6.
4
Suppose -d + 1684 = -4*b - 196, 5*d = 0. Let k = 656 + b. Calculate the remainder when k is divided by 94.
92
Suppose 7*j - i = 2*j + 402, j - 87 = -2*i. Let q = j + -58. Calculate the remainder when q is divided by 11.
1
Suppose 7*i = 2*i + 175. Let x(o) = 10*o**2 + 43*o - 52. What is the remainder when x(-7) is divided by i?
32
Suppose 788*n - 2142 = 754*n. What is the remainder when n is divided by 28?
7
Let h(c) = -2*c**3 - 15*c**2 + 7*c + 19. Let v = -29 - -21. Let m = v + 0. What is the remainder when 215 is divided by h(m)?
26
Let n be -8*1/(2 + -4). Suppose 2*g + 4*o - 50 = 3*o, n*g - 90 = 3*o. Suppose -y + 488 = -h + 383, 2*y - 180 = -h. What is the remainder when y is divided by g?
23
Suppose -b + 142 = 140. Calculate the remainder when ((-1)/b*-1)/(13/2470) is divided by 11.
7
Suppose 39*u + 18*u - 914895 = -186*u. Calculate the remainder when u is divided by 79.
52
What is the remainder when 1908 is divided by 6049/(-526)*(2 + 3/(-2))*-4?
22
Let p(z) = 43*z - 170. Let o be p(4). Suppose -o*a = -3*a + 2*d + 94, a + 4*d = 124. What is the remainder when a is divided by 51?
2
Let g(s) be the second derivative of -1/6*s**3 - 34*s + 6*s**2 + 0. Calculate the remainder when 12 is divided by g(2).
2
Let h = -2849 + 2894. Calculate the remainder when 86 is divided by h.
41
Suppose -5*q = -624 + 239. Let g = -2242 - -2626. What is the remainder when g is divided by q?
76
Let z = 2440 - 2349. What is the remainder when 351 is divided by z?
78
Let m(s) = s**2 - 8*s + 5. What is the remainder when 41/82 + ((-6)/24 - 843/(-4)) is divided by m(12)?
52
Suppose -18*t = -8*t + 340. Let n = 83 + t. What is the remainder when n is divided by 26?
23
Suppose -465*d = -462*d - 654. Let z = d + -204. Let h(n) = -n**2 + 10*n + 9. What is the remainder when h(8) is divided by z?
11
Suppose 280*f = 80*f + 107400. Calculate the remainder when f is divided by 115.
77
Let z(x) = x**2 - x - 21. Let f be z(6). Suppose -18 = -3*q - f. What is the remainder when 57 is divided by (q - 1) + 27 + -8?
15
Let d(n) be the first derivative of 2*n**4 - 4*n**3/3 + 5*n**2/2 + 3*n + 182. Let w = -17 + 30. What is the remainder when d(2) is divided by w?
9
What is the remainder when 19 + ((-35750)/(-26) - -8) is divided by 78?
76
Suppose 2964 = 69*l + 1747 - 1819. Calculate the remainder when 94 is divided by l.
6
Let v(w) = w**2 + 8*w + 17. Let a be v(-9). Calculate the remainder when 229 is divided by (-410)/(-8) + (a/(-8) - -4).
21
Suppose 0 = -3*r - 2*u + 66, -r + 4 + 18 = 5*u. What is the remainder when 36 is divided by r?
14
Suppose -4*x + 287 = -2*w + 687, w - 198 = 4*x. What is the remainder when 608 is divided by w?
2
Let a = 446 + -339. What is the remainder when a is divided by 44?
19
Let z(l) = -l**3 + 9*l**2 - 11*l + 23. Let f be z(7). Suppose 3*k - 21 = -p + f, -6 = -3*p. What is the remainder when 100 is divided by k?
16
Let l(v) be the second derivative of -v**4/12 + 2*v**3 + 7*v**2 - 4*v. What is the remainder when 185 is divided by l(7)?
38
Suppose 2*y - 4*z = 4*y - 352, 4*y + 2*z - 710 = 0. What is the remainder when y is divided by 174?
4
Suppose -11 - 13 = -4*q. What is the remainder when 485/194*168/10 is divided by q?
0
Let d(y) = -1796*y - 5260. Calculate the remainder when d(-3) is divided by 69.
59
Let o(j) = -1124*j - 2205. What is the remainder when 3*1*(-4292)/(-12) is divided by o(-2)?
41
Let c = 272 - -8. Suppose 7*t + c = 15*t. Calculate the remainder when 90 is divided by t.
20
Let q(d) = -2*d**3 - 4*d**2 + 5*d - 3. Let k be q(-3). Suppose k = r - 2*o - 123, -5*o - 207 = 5*r - 747. What is the remainder when r is divided by 29?
26
Let q(u) be the third derivative of -7*u**4/24 - 19*u**3/3 + 37*u**2. Let x = 115 - 55. What is the remainder when x is divided by q(-10)?
28
Let o be ((-84)/16)/(2/32*4). Let w = 25 - o. Calculate the remainder when 319 is divided by w.
43
Let z(l) = -11*l + 7. Suppose 22*a + 13 = -9. Let n(p) = -17*p + 15. Calculate the remainder when z(-5) is divided by n(a).
30
Calculate the remainder when 658 is divided by -5*(-4)/5*78/8.
34
Let w = 24798 + -24780. What is the remainder when 12340 is divided by w?
10
Suppose 21*m + 35*m + 12*m - 2720 = 0. What is the remainder when 518 is divided by m?
38
Let p(i) = -2*i**3 + 33*i**2 - 17*i + 65. What is the remainder when p(13) is divided by 43?
38
Let x(o) = -15*o**3 - o**2. Let g be x(1). Let l be (-11 - g)/((-1)/(-2)). Suppose 0 = 5*b + l, v - 3*b = 20 + 5. What is the remainder when 74 is divided by v?
17
Suppose 2*n - 2048 = -2050. What is the remainder when 252 is divided by (-3 - (6 - 13))/(n/(-4))?
12
Suppose 0 = -2*j + 4*h + 56, -2*j + 3*j - 28 = -4*h. Suppose -9932 = 11*x - 63*x. Calculate the remainder when x is divided by j.
23
Let q = -44569 - -44574. Let d = -12 + 20. Calculate the remainder when d is divided by q.
3
Let w = -111 - -113. Suppose 5*n = w*k + 100, 3*n + 5*k - 60 = -0*n. What is the remainder when 114 is divided by n?
14
Suppose -27 = -r - 4*g, -8*r + 5*r + 67 = -2*g. Calculate the remainder when 526 is divided by r.
20
Let z = 12 - 7. Suppose 0 = 3*c + 154 - 52. Let w = c - -67. What is the remainder when w is divided by z?
3
Let c(x) = -x**3 - 2*x**2 + x + 1. Let z(q) = -26*q**3 - 9*q**2 + 6*q + 7. Let j(l) = -3*c(l) + z(l). Calculate the remainder when j(-1) is divided by 8.
5
Suppose -3*a - 18 = -12. What is the remainder when 81 is divided by (2/4 - 1) + (-35)/a?
13
Let r = -15 + 26. Let v(s) = -2*s**3 - s**2 - 3*s - 3. Let u be v(-2). Suppose 22*w - 425 = u. What is the remainder when w is divided by r?
9
Let m be ((-105)/(-10))/(9/(-228)). Let g = -262 - m. What is the remainder when 8 is divided by g?
0
Let c(y) = y**3 + 3*y**2 - 12*y - 8. Let s be c(-5). What is the remainder when (-3)/(3 - s) - (-10 - 0) is divided by (8/(-10))/((-1)/5)?
3
Let n(o) = o. Let a be (2/4)/(5/20). Suppose 0 = -3*q + a + 10. Calculate the remainder when n(q) is divided by 2.
0
Let y(l) = -9 - 6*l + 2*l - 7. Let j = 15 + 30. Calculate the remainder when j is divided by y(-10).
21
Let f = 208 + -218. What is the remainder when 9 is divided by f*((-189)/35 - -5)?
1
Let c(w) = w**2 + 9*w + 2926. Let l be c(0). Calculate the remainder when l/42 - 4/6 is divided by 19.
12
Suppose -343*h + 78847 - 3187 = -50221. What is the remainder when h is divided by 39?
16
Let d(w) = 20*w**2 + 37*w - 35. What is the remainder when d(-10) is divided by 70?
55
Let l(s) = s**2 - 10*s + 10. Let x be l(7). Let b = x - -13. Suppose 0 = -b*t + 10, 6*d - 2*d - 3*t = -3. Calculate the remainder when d is divided by 1.
0
Suppose 3*b - 103 = -2*o, 53 = -4*o + b